nd o?
11
Let j(p) = -p**2 + 9*p - 10. Let i be j(7). Let w = -10 - -18. Calculate the highest common factor of i and w.
4
Let c be (-1)/(-2)*(8 + 22). Calculate the greatest common factor of 45 and c.
15
Let m(u) = u + 3*u + u + 1. Let v be m(7). Calculate the greatest common factor of v and 24.
12
Let j be 2/4*(3 + -1). Let u = 53 + -45. What is the greatest common divisor of u and j?
1
Let d = -38 + 80. Let w be (-12)/d + 30/7. What is the greatest common factor of w and 8?
4
Let m be (-1 + 3)*(0 - -4). Calculate the greatest common divisor of m and 8.
8
Let x be (-8)/14 - (-1696)/28. What is the highest common divisor of x and 24?
12
Suppose -4 = -4*b + 2*b. Suppose -13 = -4*o + n, -b*o = 3*o + n - 5. Suppose 0*v + o*v = 140. Calculate the highest common factor of v and 10.
10
Let r(y) be the second derivative of 19*y**3/2 + 4*y. Let w be r(3). Calculate the greatest common divisor of 19 and w.
19
Let l be (-163)/(-3) + (-4)/(-6). Suppose -5*a = 4*x - 2*x - 1, -19 = 4*a - 5*x. Let j be (-3 - (-3 - -5))/a. Calculate the greatest common divisor of l and j.
5
Let d(m) = -m**2 + 8*m - 9. Let i be d(5). What is the highest common divisor of 42 and i?
6
Suppose -3*c - 4 = 4*h + 16, 4*h = 2*c - 20. Suppose c*f + f = 8. Suppose 0 = -t - 7 + 27. Calculate the highest common factor of f and t.
4
Let n(o) be the third derivative of o**4/8 + o**3/6 - 6*o**2. Let m be n(1). Suppose -44 = g - 2*g. What is the greatest common factor of m and g?
4
Let w(f) = f**3 + 2*f**2 - f - 2. Let r be w(-2). Let m(j) = j + 34. Let y be m(r). Let c be (0 - 34)*3/(-6). What is the highest common factor of y and c?
17
Suppose 0 = 9*q - 4*q - 550. Calculate the greatest common factor of q and 10.
10
Let d = 226 + -138. Calculate the highest common divisor of 8 and d.
8
Let b be 3/((-1 - -3)/2). Let p = b + 10. Calculate the highest common factor of 143 and p.
13
Suppose 11 = l - 3*l + m, -2*m = -2*l - 16. Let t be 4/20 + 19/5. Let x be (t/3)/((-2)/l). What is the highest common factor of 4 and x?
2
Let w(u) = -u**3 - 2*u**2 - 3*u - 1. Let d be w(-2). Let m be 0/4 + d + -2. Calculate the highest common divisor of m and 12.
3
Suppose 4*g + 3 = -1. Let s(b) = 53*b**2 + 1. Let q be s(g). What is the greatest common divisor of 36 and q?
18
Suppose 0 = 3*k - 4*o - 10, -o - 5 = -2*o. Let t be 97 + (4 - (4 - 3)). Suppose 3*h - 5*h = -t. What is the greatest common divisor of k and h?
10
Let u = -14 + 32. Suppose q + 3*h = 5*q - 32, 0 = -2*q - h + 16. Let f be 14/q + (-4)/(-16). Calculate the greatest common divisor of u and f.
2
Let t be ((-8)/6 - -2)*6. Let k = -7 - -13. Calculate the greatest common divisor of k and t.
2
Suppose -f + 0*f - 2 = 0. Let q be (-17)/f - (-3)/(-2). Suppose q*g - 3*g = 8. What is the highest common factor of 3 and g?
1
Suppose 85 = 6*m - 107. Let s = 8 + 0. What is the greatest common divisor of s and m?
8
Suppose p + 0*p - 4*b - 25 = 0, 0 = 4*p - 3*b - 35. What is the greatest common factor of 1 and p?
1
Suppose 3*j - 93 = 159. What is the greatest common factor of 12 and j?
12
Suppose 4*w = -5*q + 1151, 0 = -2*q - 2*w + 5*w + 465. Calculate the highest common divisor of q and 21.
21
Let y(v) = v**2 + 7*v + 9. Let n be y(-6). Let p = -102 - -114. Calculate the greatest common factor of n and p.
3
Suppose -6*z = z - 224. Calculate the highest common factor of z and 80.
16
Suppose 5*t = -3*d + 7*d - 206, -5*t + 10 = 0. Let o = 216 - d. Calculate the greatest common divisor of o and 18.
18
Suppose 5*a = 57 + 8. Let g = a + -8. Calculate the highest common factor of 25 and g.
5
Suppose -4*i = c + 7, -4*c = -0*c - 5*i - 77. Suppose 6*g + 20 = 2*g. Let u be (0 + -3 - g) + 11. Calculate the highest common divisor of c and u.
13
Let a = 3 - 3. Suppose w = -a + 15. Suppose 5*k - 119 - 106 = 0. Calculate the highest common factor of w and k.
15
Let n = -38 - -47. Calculate the greatest common factor of n and 1.
1
Suppose -4*r = -3 - 1. What is the highest common factor of r and 7?
1
Let m = -12 + 12. Let g be 3 - m - 5 - -5. Calculate the greatest common factor of 27 and g.
3
Let k(p) = p**3 + 4*p**2 + 3. Let g be k(-4). Let u(q) = q + 4. Let j be u(g). Let n be -1 - 1 - (2 - 60). What is the highest common factor of n and j?
7
Let t be (-6)/(-24) + (-18)/8. Let k be t/4*(-35 + 1). Let r = -127 + 195. What is the greatest common divisor of r and k?
17
Let d = 11 + -6. Suppose -d*v + 79 = 14. Let i = 27 - v. What is the highest common divisor of i and 7?
7
Let k = -34 - -46. Calculate the highest common factor of k and 108.
12
Let v be 1/3 + 77/21. Suppose -v*o = -143 - 13. Calculate the highest common factor of 13 and o.
13
Let o = 166 + -1043. Let p be o/(-5) + (-9)/(-15). Calculate the highest common divisor of 16 and p.
16
Let y(s) = 5*s**2 - 6*s + 10. Let j be y(4). Suppose 5*t + 4*o - 98 = 0, 3*o - 59 - 20 = -4*t. What is the greatest common factor of j and t?
22
Let v be (-684)/(-3) + (1 - -2). Suppose -r = -2, 0 = -3*n + 5*r + 46 + 7. Calculate the highest common divisor of v and n.
21
Let z = 771 - 461. Calculate the greatest common divisor of 124 and z.
62
Let w be (-29)/(-9) + (-4)/18. Let t be (w/(-12))/(1/(-68)). Calculate the highest common divisor of 68 and t.
17
Let b(g) = -g**2 - 4*g. Let y be b(-2). Suppose -y*d = -5 - 11. Let i be 4/(-10) - (-84)/10. What is the highest common factor of i and d?
4
Suppose 4*y = -s - 16, -7*s + 3*s + 3*y - 45 = 0. Let i be (-90)/(-4)*s/(-10). What is the highest common factor of 18 and i?
9
Let s be (-2 - -6)*(65 + 3). Suppose 2*n - s = -74. What is the highest common divisor of 9 and n?
9
Suppose 3*d + 2*x + 511 = 0, 2*d = 5*x - 250 - 59. Suppose 2*p + 347 = -155. Let j = d - p. Calculate the greatest common factor of 12 and j.
12
Suppose -6*z = -3*z - 204. Calculate the greatest common factor of 17 and z.
17
Let r = -29 + 49. What is the highest common divisor of 8 and r?
4
Suppose -14 = -t + 2*t - 3*a, 2*t - 3*a = -13. Let x be ((-18)/(1/t))/(-1). Calculate the highest common divisor of x and 27.
9
Let z be (-1)/(-1*1/543). Let d = z - 806. Let u = d - -383. Calculate the greatest common divisor of 15 and u.
15
Let z = -79 - -139. Let k be -1 + -1 + (26 - 14). What is the highest common factor of k and z?
10
Let t be 4 - 2 - 2/2. Let m be (-6)/4*1*-2. Suppose -2 = w - m. Calculate the greatest common factor of t and w.
1
Let p = 116 + -114. Calculate the greatest common factor of p and 11.
1
Suppose -3*x + 8*x = 200. Suppose 2*z = -5*q + x, -8*z + 38 = -3*z - 3*q. Calculate the greatest common divisor of 2 and z.
2
Let a(p) = p**2 + p + 4. Let c be a(0). Suppose h = -3*h + 3*d + 56, -c*h - 3*d + 32 = 0. Calculate the highest common divisor of h and 121.
11
Let a be (-3)/12 + 0 + 218/8. Calculate the highest common divisor of a and 297.
27
Let h = -49 + 63. Calculate the greatest common factor of 112 and h.
14
Suppose 3*y - 70 = -4*j + 2*j, -5*y - 3*j + 115 = 0. Calculate the greatest common factor of y and 5.
5
Suppose 0*n + 3*n = -2*r + 82, 3*r - 5*n - 142 = 0. What is the highest common divisor of 11 and r?
11
Suppose r = -0*r + 4. What is the greatest common divisor of r and 6?
2
Suppose 2*b + 2*b - 8 = 0. Suppose -4*r - 2 = -2*m - 20, b*r - 5*m = -3. What is the greatest common divisor of 3 and r?
3
Suppose -224 = -95*p + 91*p. Calculate the highest common divisor of p and 21.
7
Suppose 35 = 4*c + c. What is the highest common factor of 1 and c?
1
Let n = -14 + 22. Let b = 10 - n. Suppose 4*o - b*o - 50 = -2*z, 0 = -3*z - o + 67. What is the greatest common factor of 14 and z?
7
Suppose 2*s - 1 = -13. Let p = s - -4. Let h be ((-3)/(-3) + p)*-55. What is the highest common factor of h and 5?
5
Let i = -44 - -83. Calculate the highest common divisor of i and 13.
13
Suppose -3*r + 6*r - 19 = -4*v, -5 = -v - r. Suppose -v*x + 18 = -d - 26, -x - 2*d + 11 = 0. What is the greatest common divisor of x and 77?
11
Suppose 0*o = 2*o - 5*k + 44, 2*k = o + 20. Let m = 33 - o. Calculate the greatest common divisor of 18 and m.
9
Let f = 41 - 28. What is the highest common factor of f and 169?
13
Let z(r) = -r**3 - 2*r**2 - 5*r - 3. Let l be z(-3). What is the highest common factor of 7 and l?
7
Let x = -31 - -71. Let z be ((-96)/x)/(4/(-10)). Calculate the highest common factor of z and 9.
3
Let j be 12/18*4*3